[INFO] cloning repository https://github.com/rsb007/account_eventSourcing
[INFO] running `Command { std: "git" "-c" "credential.helper=" "-c" "credential.helper=/workspace/cargo-home/bin/git-credential-null" "clone" "--bare" "https://github.com/rsb007/account_eventSourcing" "/workspace/cache/git-repos/https%3A%2F%2Fgithub.com%2Frsb007%2Faccount_eventSourcing", kill_on_drop: false }`
[INFO] [stderr] Cloning into bare repository '/workspace/cache/git-repos/https%3A%2F%2Fgithub.com%2Frsb007%2Faccount_eventSourcing'...
[INFO] running `Command { std: "git" "rev-parse" "HEAD", kill_on_drop: false }`
[INFO] [stdout] b0f2f588de732f90913b1811f5b2464fe8e6ce24
[INFO] checking rsb007/account_eventSourcing against master#cfbc6d4cf1acbac5c025acf8ed68929caa551df3 for pr-75494-beta
[INFO] running `Command { std: "git" "clone" "/workspace/cache/git-repos/https%3A%2F%2Fgithub.com%2Frsb007%2Faccount_eventSourcing" "/workspace/builds/worker-10/source", kill_on_drop: false }`
[INFO] [stderr] Cloning into '/workspace/builds/worker-10/source'...
[INFO] [stderr] done.
[INFO] validating manifest of git repo https://github.com/rsb007/account_eventSourcing on toolchain cfbc6d4cf1acbac5c025acf8ed68929caa551df3
[INFO] running `Command { std: "/workspace/cargo-home/bin/cargo" "+cfbc6d4cf1acbac5c025acf8ed68929caa551df3" "read-manifest" "--manifest-path" "Cargo.toml", kill_on_drop: false }`
[INFO] started tweaking git repo https://github.com/rsb007/account_eventSourcing
[INFO] finished tweaking git repo https://github.com/rsb007/account_eventSourcing
[INFO] tweaked toml for git repo https://github.com/rsb007/account_eventSourcing written to /workspace/builds/worker-10/source/Cargo.toml
[INFO] crate git repo https://github.com/rsb007/account_eventSourcing already has a lockfile, it will not be regenerated
[INFO] running `Command { std: "/workspace/cargo-home/bin/cargo" "+cfbc6d4cf1acbac5c025acf8ed68929caa551df3" "fetch" "--locked" "--manifest-path" "Cargo.toml", kill_on_drop: false }`
[INFO] [stderr]  Downloading crates ...
[INFO] [stderr]   Downloaded trust-dns-resolver v0.10.1
[INFO] [stderr]   Downloaded actix-web v0.7.16
[INFO] [stderr]   Downloaded actix-net v0.2.5
[INFO] [stderr]   Downloaded eventsourcing-derive v0.1.1
[INFO] [stderr]   Downloaded eventsourcing v0.1.1
[INFO] running `Command { std: "docker" "create" "-v" "/var/lib/crater-agent-workspace/builds/worker-10/target:/opt/rustwide/target:rw,Z" "-v" "/var/lib/crater-agent-workspace/builds/worker-10/source:/opt/rustwide/workdir:ro,Z" "-v" "/var/lib/crater-agent-workspace/cargo-home:/opt/rustwide/cargo-home:ro,Z" "-v" "/var/lib/crater-agent-workspace/rustup-home:/opt/rustwide/rustup-home:ro,Z" "-e" "SOURCE_DIR=/opt/rustwide/workdir" "-e" "CARGO_TARGET_DIR=/opt/rustwide/target" "-e" "CARGO_HOME=/opt/rustwide/cargo-home" "-e" "RUSTUP_HOME=/opt/rustwide/rustup-home" "-w" "/opt/rustwide/workdir" "-m" "1610612736" "--user" "0:0" "--network" "none" "rustops/crates-build-env@sha256:a636fd89d022f18117e1dc8fb37a0a009933cdbbe082814857f0e2024962d47c" "/opt/rustwide/cargo-home/bin/cargo" "+cfbc6d4cf1acbac5c025acf8ed68929caa551df3" "metadata" "--no-deps" "--format-version=1", kill_on_drop: false }`
[INFO] [stdout] afefc22128810bcb8dac7d5d55b7119a60fe9f92af705983e60c526642a11ad0
[INFO] [stderr] WARNING: Your kernel does not support swap limit capabilities or the cgroup is not mounted. Memory limited without swap.
[INFO] running `Command { std: "docker" "start" "-a" "afefc22128810bcb8dac7d5d55b7119a60fe9f92af705983e60c526642a11ad0", kill_on_drop: false }`
[INFO] running `Command { std: "docker" "inspect" "afefc22128810bcb8dac7d5d55b7119a60fe9f92af705983e60c526642a11ad0", kill_on_drop: false }`
[INFO] running `Command { std: "docker" "rm" "-f" "afefc22128810bcb8dac7d5d55b7119a60fe9f92af705983e60c526642a11ad0", kill_on_drop: false }`
[INFO] [stdout] afefc22128810bcb8dac7d5d55b7119a60fe9f92af705983e60c526642a11ad0
[INFO] running `Command { std: "docker" "create" "-v" "/var/lib/crater-agent-workspace/builds/worker-10/target:/opt/rustwide/target:rw,Z" "-v" "/var/lib/crater-agent-workspace/builds/worker-10/source:/opt/rustwide/workdir:ro,Z" "-v" "/var/lib/crater-agent-workspace/cargo-home:/opt/rustwide/cargo-home:ro,Z" "-v" "/var/lib/crater-agent-workspace/rustup-home:/opt/rustwide/rustup-home:ro,Z" "-e" "SOURCE_DIR=/opt/rustwide/workdir" "-e" "CARGO_TARGET_DIR=/opt/rustwide/target" "-e" "CARGO_INCREMENTAL=0" "-e" "RUST_BACKTRACE=full" "-e" "RUSTFLAGS=--cap-lints=forbid" "-e" "CARGO_HOME=/opt/rustwide/cargo-home" "-e" "RUSTUP_HOME=/opt/rustwide/rustup-home" "-w" "/opt/rustwide/workdir" "-m" "1610612736" "--user" "0:0" "--network" "none" "rustops/crates-build-env@sha256:a636fd89d022f18117e1dc8fb37a0a009933cdbbe082814857f0e2024962d47c" "/opt/rustwide/cargo-home/bin/cargo" "+cfbc6d4cf1acbac5c025acf8ed68929caa551df3" "check" "--frozen" "--all" "--all-targets" "--message-format=json", kill_on_drop: false }`
[INFO] [stdout] 9338aef345be7e519732691f4bfe48944e6c5124ecee7bc6b5da24a5daceadac
[INFO] [stderr] WARNING: Your kernel does not support swap limit capabilities or the cgroup is not mounted. Memory limited without swap.
[INFO] running `Command { std: "docker" "start" "-a" "9338aef345be7e519732691f4bfe48944e6c5124ecee7bc6b5da24a5daceadac", kill_on_drop: false }`
[INFO] [stderr]     Checking rand_core v0.3.0
[INFO] [stderr]    Compiling version_check v0.1.5
[INFO] [stderr]    Compiling cc v1.0.27
[INFO] [stderr]    Compiling unicode-xid v0.1.0
[INFO] [stderr]     Checking scopeguard v0.3.3
[INFO] [stderr]     Checking stable_deref_trait v1.1.1
[INFO] [stderr]     Checking slab v0.4.1
[INFO] [stderr]    Compiling proc-macro2 v0.4.24
[INFO] [stderr]     Checking encoding_index_tests v0.1.4
[INFO] [stderr]    Compiling arrayvec v0.4.9
[INFO] [stderr]     Checking nodrop v0.1.13
[INFO] [stderr]     Checking matches v0.1.8
[INFO] [stderr]     Checking memoffset v0.2.1
[INFO] [stderr]    Compiling autocfg v0.1.1
[INFO] [stderr]     Checking unicode-normalization v0.1.7
[INFO] [stderr]     Checking percent-encoding v1.0.1
[INFO] [stderr]     Checking rustc-demangle v0.1.11
[INFO] [stderr]    Compiling serde v1.0.82
[INFO] [stderr]    Compiling siphasher v0.2.3
[INFO] [stderr]     Checking fnv v1.0.6
[INFO] [stderr]     Checking arc-swap v0.3.6
[INFO] [stderr]     Checking safemem v0.3.0
[INFO] [stderr]     Checking antidote v1.0.0
[INFO] [stderr]     Checking ucd-util v0.1.3
[INFO] [stderr]    Compiling unicode-xid v0.0.4
[INFO] [stderr]    Compiling httparse v1.3.3
[INFO] [stderr]     Checking bitflags v1.0.4
[INFO] [stderr]     Checking string v0.1.2
[INFO] [stderr]     Checking indexmap v1.0.2
[INFO] [stderr]     Checking utf8-ranges v1.0.2
[INFO] [stderr]    Compiling quote v0.3.15
[INFO] [stderr]     Checking askama_escape v0.1.0
[INFO] [stderr]     Checking sha1 v0.6.0
[INFO] [stderr]     Checking language-tags v0.2.2
[INFO] [stderr]     Checking json v0.11.13
[INFO] [stderr]     Checking log v0.4.6
[INFO] [stderr]     Checking crossbeam-utils v0.6.3
[INFO] [stderr]     Checking unreachable v1.0.0
[INFO] [stderr]     Checking base64 v0.10.0
[INFO] [stderr]     Checking snap v0.2.5
[INFO] [stderr]     Checking owning_ref v0.4.0
[INFO] [stderr]     Checking unicode-bidi v0.3.4
[INFO] [stderr]     Checking encoding-index-simpchinese v1.20141219.5
[INFO] [stderr]     Checking encoding-index-korean v1.20141219.5
[INFO] [stderr]     Checking encoding-index-japanese v1.20141219.5
[INFO] [stderr]     Checking encoding-index-singlebyte v1.20141219.5
[INFO] [stderr]     Checking encoding-index-tradchinese v1.20141219.5
[INFO] [stderr]    Compiling proc-macro2 v0.2.3
[INFO] [stderr]    Compiling proc-macro2 v0.1.10
[INFO] [stderr]     Checking regex-syntax v0.6.4
[INFO] [stderr]     Checking base64 v0.9.3
[INFO] [stderr]     Checking rand_core v0.2.2
[INFO] [stderr]     Checking rand_xorshift v0.1.0
[INFO] [stderr]     Checking rand_isaac v0.1.1
[INFO] [stderr]     Checking rand_hc v0.1.0
[INFO] [stderr]     Checking lz4-compress v0.1.0
[INFO] [stderr]    Compiling synom v0.11.3
[INFO] [stderr]    Compiling libc v0.2.45
[INFO] [stderr]     Checking tokio-current-thread v0.1.4
[INFO] [stderr]     Checking smallvec v0.6.7
[INFO] [stderr]     Checking lock_api v0.1.5
[INFO] [stderr]    Compiling unicase v1.4.2
[INFO] [stderr]    Compiling memchr v2.1.2
[INFO] [stderr]    Compiling unicase v2.2.0
[INFO] [stderr]    Compiling actix-web v0.7.16
[INFO] [stderr]    Compiling backtrace v0.3.13
[INFO] [stderr]     Checking tokio-timer v0.2.8
[INFO] [stderr]     Checking r2d2 v0.8.3
[INFO] [stderr]     Checking iovec v0.1.2
[INFO] [stderr]     Checking rand v0.5.5
[INFO] [stderr]     Checking num_cpus v1.9.0
[INFO] [stderr]     Checking net2 v0.2.33
[INFO] [stderr]     Checking socket2 v0.3.8
[INFO] [stderr]     Checking hostname v0.1.5
[INFO] [stderr]     Checking signal-hook v0.1.6
[INFO] [stderr]     Checking rand v0.4.3
[INFO] [stderr]     Checking listenfd v0.3.3
[INFO] [stderr]    Compiling parking_lot_core v0.3.1
[INFO] [stderr]    Compiling rand_chacha v0.1.0
[INFO] [stderr]    Compiling rand_pcg v0.1.1
[INFO] [stderr]    Compiling rand v0.6.1
[INFO] [stderr]    Compiling parking_lot_core v0.4.0
[INFO] [stderr]    Compiling syn v0.11.11
[INFO] [stderr]    Compiling quote v0.4.2
[INFO] [stderr]     Checking encoding v0.2.33
[INFO] [stderr]     Checking futures-cpupool v0.1.8
[INFO] [stderr]     Checking bytes v0.4.11
[INFO] [stderr]     Checking resolv-conf v0.6.1
[INFO] [stderr]     Checking mio v0.6.16
[INFO] [stderr]     Checking idna v0.1.5
[INFO] [stderr]    Compiling syn v0.12.15
[INFO] [stderr]     Checking crossbeam-epoch v0.7.0
[INFO] [stderr]    Compiling phf_shared v0.7.23
[INFO] [stderr]    Compiling quote v0.6.10
[INFO] [stderr]     Checking uuid v0.6.5
[INFO] [stderr]     Checking tokio-io v0.1.10
[INFO] [stderr]     Checking http v0.1.14
[INFO] [stderr]     Checking uuid v0.7.1
[INFO] [stderr]    Compiling backtrace-sys v0.1.26
[INFO] [stderr]    Compiling brotli-sys v0.3.2
[INFO] [stderr]    Compiling ring v0.13.5
[INFO] [stderr]    Compiling miniz-sys v0.1.11
[INFO] [stderr]     Checking mime v0.3.12
[INFO] [stderr]     Checking aho-corasick v0.6.9
[INFO] [stderr]     Checking phf v0.7.23
[INFO] [stderr]    Compiling syn v0.15.23
[INFO] [stderr]     Checking url v1.7.2
[INFO] [stderr]     Checking crossbeam-deque v0.6.3
[INFO] [stderr]     Checking tokio-codec v0.1.1
[INFO] [stderr]     Checking parking_lot v0.6.4
[INFO] [stderr]     Checking mio-uds v0.6.7
[INFO] [stderr]     Checking cdrs v2.0.0-beta.4
[INFO] [stderr]     Checking tokio-reactor v0.1.7
[INFO] [stderr]    Compiling phf_generator v0.7.23
[INFO] [stderr]     Checking regex v1.1.0
[INFO] [stderr]    Compiling phf_codegen v0.7.23
[INFO] [stderr]     Checking flate2 v1.0.6
[INFO] [stderr]     Checking tokio-tcp v0.1.2
[INFO] [stderr]     Checking tokio-udp v0.1.3
[INFO] [stderr]     Checking tokio-uds v0.2.4
[INFO] [stderr]     Checking tokio-signal v0.2.7
[INFO] [stderr]    Compiling mime_guess v2.0.0-alpha.6
[INFO] [stderr]     Checking tokio-threadpool v0.1.9
[INFO] [stderr]    Compiling cdrs_helpers_derive v0.2.0
[INFO] [stderr]     Checking parking_lot v0.7.0
[INFO] [stderr]     Checking h2 v0.1.14
[INFO] [stderr]     Checking crossbeam-channel v0.3.4
[INFO] [stderr]     Checking tokio-fs v0.1.4
[INFO] [stderr]    Compiling eventsourcing-derive v0.1.1
[INFO] [stderr]     Checking tokio v0.1.13
[INFO] [stderr]     Checking cookie v0.11.0
[INFO] [stderr]     Checking serde_json v1.0.33
[INFO] [stderr]     Checking chrono v0.4.6
[INFO] [stderr]     Checking serde_urlencoded v0.5.4
[INFO] [stderr]     Checking brotli2 v0.3.2
[INFO] [stderr]    Compiling synstructure v0.10.1
[INFO] [stderr]    Compiling failure_derive v0.1.3
[INFO] [stderr]    Compiling actix_derive v0.3.2
[INFO] [stderr]    Compiling serde_derive v1.0.82
[INFO] [stderr]     Checking failure v0.1.3
[INFO] [stderr]     Checking trust-dns-proto v0.6.1
[INFO] [stderr]     Checking trust-dns-proto v0.5.0
[INFO] [stderr]     Checking trust-dns-resolver v0.10.1
[INFO] [stderr]     Checking actix v0.7.9
[INFO] [stderr]     Checking actix-net v0.2.5
[INFO] [stderr]     Checking eventsourcing v0.1.1
[INFO] [stderr]     Checking account_eventsourcing v0.1.0 (/opt/rustwide/workdir)
[INFO] [stdout] warning: unused `#[macro_use]` import
[INFO] [stdout]  --> src/lib.rs:2:1
[INFO] [stdout]   |
[INFO] [stdout] 2 | #[macro_use]
[INFO] [stdout]   | ^^^^^^^^^^^^
[INFO] [stdout]   |
[INFO] [stdout]   = note: `#[warn(unused_imports)]` on by default
[INFO] [stdout] 
[INFO] [stdout] 
[INFO] [stdout] warning: 1 warning emitted
[INFO] [stdout] 
[INFO] [stdout] 
[INFO] [stdout] warning: unused `#[macro_use]` import
[INFO] [stdout]  --> src/lib.rs:2:1
[INFO] [stdout]   |
[INFO] [stdout] 2 | #[macro_use]
[INFO] [stdout]   | ^^^^^^^^^^^^
[INFO] [stdout]   |
[INFO] [stdout]   = note: `#[warn(unused_imports)]` on by default
[INFO] [stdout] 
[INFO] [stdout] 
[INFO] [stdout] error[E0557]: feature has been removed
[INFO] [stdout]  --> src/main.rs:2:12
[INFO] [stdout]   |
[INFO] [stdout] 2 | #![feature(custom_attribute)]
[INFO] [stdout]   |            ^^^^^^^^^^^^^^^^ feature has been removed
[INFO] [stdout]   |
[INFO] [stdout]   = note: removed in favor of `#![register_tool]` and `#![register_attr]`
[INFO] [stdout] 
[INFO] [stdout] 
[INFO] [stdout] warning: 1 warning emitted
[INFO] [stdout] 
[INFO] [stdout] 
[INFO] [stdout] error[E0557]: feature has been removed
[INFO] [stdout]  --> src/main.rs:2:12
[INFO] [stdout]   |
[INFO] [stdout] 2 | #![feature(custom_attribute)]
[INFO] [stdout]   |            ^^^^^^^^^^^^^^^^ feature has been removed
[INFO] [stdout]   |
[INFO] [stdout]   = note: removed in favor of `#![register_tool]` and `#![register_attr]`
[INFO] [stdout] 
[INFO] [stdout] 
[INFO] [stdout] error[E0554]: `#![feature]` may not be used on the beta release channel
[INFO] [stdout]  --> src/main.rs:1:1
[INFO] [stdout]   |
[INFO] [stdout] 1 | #![feature(attr_literals)]
[INFO] [stdout]   | ^^^^^^^^^^^^^^^^^^^^^^^^^^
[INFO] [stdout] 
[INFO] [stdout] 
[INFO] [stdout] error[E0554]: `#![feature]` may not be used on the beta release channel
[INFO] [stdout]  --> src/main.rs:2:1
[INFO] [stdout]   |
[INFO] [stdout] 2 | #![feature(custom_attribute)]
[INFO] [stdout]   | ^^^^^^^^^^^^^^^^^^^^^^^^^^^^^
[INFO] [stdout] 
[INFO] [stdout] 
[INFO] [stdout] warning: unused `#[macro_use]` import
[INFO] [stdout]  --> src/main.rs:9:1
[INFO] [stdout]   |
[INFO] [stdout] 9 | #[macro_use]
[INFO] [stdout]   | ^^^^^^^^^^^^
[INFO] [stdout]   |
[INFO] [stdout]   = note: `#[warn(unused_imports)]` on by default
[INFO] [stdout] 
[INFO] [stdout] 
[INFO] [stdout] warning: unused `#[macro_use]` import
[INFO] [stdout]   --> src/main.rs:17:1
[INFO] [stdout]    |
[INFO] [stdout] 17 | #[macro_use]
[INFO] [stdout]    | ^^^^^^^^^^^^
[INFO] [stdout] 
[INFO] [stdout] 
[INFO] [stdout] warning: unused import: `std::collections::HashMap`
[INFO] [stdout]   --> src/main.rs:21:5
[INFO] [stdout]    |
[INFO] [stdout] 21 | use std::collections::HashMap;
[INFO] [stdout]    |     ^^^^^^^^^^^^^^^^^^^^^^^^^
[INFO] [stdout] 
[INFO] [stdout] 
[INFO] [stdout] warning: unused imports: `ClusterTcpConfig`, `NodeTcpConfigBuilder`
[INFO] [stdout]   --> src/main.rs:25:21
[INFO] [stdout]    |
[INFO] [stdout] 25 | use cdrs::cluster::{ClusterTcpConfig, NodeTcpConfigBuilder, TcpConnectionPool};
[INFO] [stdout]    |                     ^^^^^^^^^^^^^^^^  ^^^^^^^^^^^^^^^^^^^^
[INFO] [stdout] 
[INFO] [stdout] 
[INFO] [stdout] warning: unused import: `new as new_session`
[INFO] [stdout]   --> src/main.rs:26:30
[INFO] [stdout]    |
[INFO] [stdout] 26 | use cdrs::cluster::session::{new as new_session, Session};
[INFO] [stdout]    |                              ^^^^^^^^^^^^^^^^^^
[INFO] [stdout] 
[INFO] [stdout] 
[INFO] [stdout] warning: unused import: `cdrs::types::prelude::*`
[INFO] [stdout]   --> src/main.rs:31:5
[INFO] [stdout]    |
[INFO] [stdout] 31 | use cdrs::types::prelude::*;
[INFO] [stdout]    |     ^^^^^^^^^^^^^^^^^^^^^^^
[INFO] [stdout] 
[INFO] [stdout] 
[INFO] [stdout] warning: unused import: `serde_json::Error`
[INFO] [stdout]   --> src/main.rs:35:5
[INFO] [stdout]    |
[INFO] [stdout] 35 | use serde_json::Error;
[INFO] [stdout]    |     ^^^^^^^^^^^^^^^^^
[INFO] [stdout] 
[INFO] [stdout] 
[INFO] [stdout] error[E0554]: `#![feature]` may not be used on the beta release channel
[INFO] [stdout]  --> src/main.rs:1:1
[INFO] [stdout]   |
[INFO] [stdout] 1 | #![feature(attr_literals)]
[INFO] [stdout]   | ^^^^^^^^^^^^^^^^^^^^^^^^^^
[INFO] [stdout] 
[INFO] [stdout] 
[INFO] [stdout] error[E0554]: `#![feature]` may not be used on the beta release channel
[INFO] [stdout]  --> src/main.rs:2:1
[INFO] [stdout]   |
[INFO] [stdout] 2 | #![feature(custom_attribute)]
[INFO] [stdout]   | ^^^^^^^^^^^^^^^^^^^^^^^^^^^^^
[INFO] [stdout] 
[INFO] [stdout] 
[INFO] [stdout] warning: unused `#[macro_use]` import
[INFO] [stdout]  --> src/main.rs:9:1
[INFO] [stdout]   |
[INFO] [stdout] 9 | #[macro_use]
[INFO] [stdout]   | ^^^^^^^^^^^^
[INFO] [stdout]   |
[INFO] [stdout]   = note: `#[warn(unused_imports)]` on by default
[INFO] [stdout] 
[INFO] [stdout] 
[INFO] [stdout] warning: unused `#[macro_use]` import
[INFO] [stdout]   --> src/main.rs:17:1
[INFO] [stdout]    |
[INFO] [stdout] 17 | #[macro_use]
[INFO] [stdout]    | ^^^^^^^^^^^^
[INFO] [stdout] 
[INFO] [stdout] 
[INFO] [stdout] warning: unused import: `std::collections::HashMap`
[INFO] [stdout]   --> src/main.rs:21:5
[INFO] [stdout]    |
[INFO] [stdout] 21 | use std::collections::HashMap;
[INFO] [stdout]    |     ^^^^^^^^^^^^^^^^^^^^^^^^^
[INFO] [stdout] 
[INFO] [stdout] 
[INFO] [stdout] warning: unused imports: `ClusterTcpConfig`, `NodeTcpConfigBuilder`
[INFO] [stdout]   --> src/main.rs:25:21
[INFO] [stdout]    |
[INFO] [stdout] 25 | use cdrs::cluster::{ClusterTcpConfig, NodeTcpConfigBuilder, TcpConnectionPool};
[INFO] [stdout]    |                     ^^^^^^^^^^^^^^^^  ^^^^^^^^^^^^^^^^^^^^
[INFO] [stdout] 
[INFO] [stdout] 
[INFO] [stdout] warning: unused import: `new as new_session`
[INFO] [stdout]   --> src/main.rs:26:30
[INFO] [stdout]    |
[INFO] [stdout] 26 | use cdrs::cluster::session::{new as new_session, Session};
[INFO] [stdout]    |                              ^^^^^^^^^^^^^^^^^^
[INFO] [stdout] 
[INFO] [stdout] 
[INFO] [stdout] warning: unused import: `cdrs::types::prelude::*`
[INFO] [stdout]   --> src/main.rs:31:5
[INFO] [stdout]    |
[INFO] [stdout] 31 | use cdrs::types::prelude::*;
[INFO] [stdout]    |     ^^^^^^^^^^^^^^^^^^^^^^^
[INFO] [stdout] 
[INFO] [stdout] 
[INFO] [stdout] warning: unused import: `serde_json::Error`
[INFO] [stdout]   --> src/main.rs:35:5
[INFO] [stdout]    |
[INFO] [stdout] 35 | use serde_json::Error;
[INFO] [stdout]    |     ^^^^^^^^^^^^^^^^^
[INFO] [stdout] 
[INFO] [stdout] 
[INFO] [stdout] error: aborting due to 3 previous errors; 7 warnings emitted
[INFO] [stdout] 
[INFO] [stdout] 
[INFO] [stdout] Some errors have detailed explanations: E0554, E0557.
[INFO] [stdout] 
[INFO] [stdout] For more information about an error, try `rustc --explain E0554`.
[INFO] [stdout] 
[INFO] [stderr] error: could not compile `account_eventsourcing`.
[INFO] [stderr] 
[INFO] [stderr] To learn more, run the command again with --verbose.
[INFO] [stderr] warning: build failed, waiting for other jobs to finish...
[INFO] [stdout] error: aborting due to 3 previous errors; 7 warnings emitted
[INFO] [stdout] 
[INFO] [stdout] 
[INFO] [stdout] Some errors have detailed explanations: E0554, E0557.
[INFO] [stdout] 
[INFO] [stdout] For more information about an error, try `rustc --explain E0554`.
[INFO] [stdout] 
[INFO] [stderr] error: build failed
[INFO] running `Command { std: "docker" "inspect" "9338aef345be7e519732691f4bfe48944e6c5124ecee7bc6b5da24a5daceadac", kill_on_drop: false }`
[INFO] running `Command { std: "docker" "rm" "-f" "9338aef345be7e519732691f4bfe48944e6c5124ecee7bc6b5da24a5daceadac", kill_on_drop: false }`
[INFO] [stdout] 9338aef345be7e519732691f4bfe48944e6c5124ecee7bc6b5da24a5daceadac
